[INFO] cloning repository https://github.com/Ikerlb/figures
[INFO] running `Command { std: "git" "-c" "credential.helper=" "-c" "credential.helper=/workspace/cargo-home/bin/git-credential-null" "clone" "--bare" "https://github.com/Ikerlb/figures" "/workspace/cache/git-repos/https%3A%2F%2Fgithub.com%2FIkerlb%2Ffigures", kill_on_drop: false }`
[INFO] [stderr] Cloning into bare repository '/workspace/cache/git-repos/https%3A%2F%2Fgithub.com%2FIkerlb%2Ffigures'...
[INFO] running `Command { std: "git" "rev-parse" "HEAD", kill_on_drop: false }`
[INFO] [stdout] 54fc898defe2143d2e6e8ca041ae2acb7b23c13f
[INFO] checking Ikerlb/figures against try#72f88fc4e9458f89516a0b8b0868f3718aec5b47 for pr-74989
[INFO] running `Command { std: "git" "clone" "/workspace/cache/git-repos/https%3A%2F%2Fgithub.com%2FIkerlb%2Ffigures" "/workspace/builds/worker-3/source", kill_on_drop: false }`
[INFO] [stderr] Cloning into '/workspace/builds/worker-3/source'...
[INFO] [stderr] done.
[INFO] validating manifest of git repo https://github.com/Ikerlb/figures on toolchain 72f88fc4e9458f89516a0b8b0868f3718aec5b47
[INFO] running `Command { std: "/workspace/cargo-home/bin/cargo" "+72f88fc4e9458f89516a0b8b0868f3718aec5b47" "read-manifest" "--manifest-path" "Cargo.toml", kill_on_drop: false }`
[INFO] started tweaking git repo https://github.com/Ikerlb/figures
[INFO] finished tweaking git repo https://github.com/Ikerlb/figures
[INFO] tweaked toml for git repo https://github.com/Ikerlb/figures written to /workspace/builds/worker-3/source/Cargo.toml
[INFO] crate git repo https://github.com/Ikerlb/figures already has a lockfile, it will not be regenerated
[INFO] running `Command { std: "/workspace/cargo-home/bin/cargo" "+72f88fc4e9458f89516a0b8b0868f3718aec5b47" "fetch" "--locked" "--manifest-path" "Cargo.toml", kill_on_drop: false }`
[INFO] running `Command { std: "docker" "create" "-v" "/var/lib/crater-agent-workspace/builds/worker-3/target:/opt/rustwide/target:rw,Z" "-v" "/var/lib/crater-agent-workspace/builds/worker-3/source:/opt/rustwide/workdir:ro,Z" "-v" "/var/lib/crater-agent-workspace/cargo-home:/opt/rustwide/cargo-home:ro,Z" "-v" "/var/lib/crater-agent-workspace/rustup-home:/opt/rustwide/rustup-home:ro,Z" "-e" "SOURCE_DIR=/opt/rustwide/workdir" "-e" "CARGO_TARGET_DIR=/opt/rustwide/target" "-e" "CARGO_HOME=/opt/rustwide/cargo-home" "-e" "RUSTUP_HOME=/opt/rustwide/rustup-home" "-w" "/opt/rustwide/workdir" "-m" "1610612736" "--user" "0:0" "--network" "none" "rustops/crates-build-env@sha256:d92eaeed33fa75130ca1ee6c8a01d1ffb62bac859dfdfb3450e3e5d1c0146529" "/opt/rustwide/cargo-home/bin/cargo" "+72f88fc4e9458f89516a0b8b0868f3718aec5b47" "metadata" "--no-deps" "--format-version=1", kill_on_drop: false }`
[INFO] [stdout] 4c31592ed331059051e79e402bfea19db023f850a7b61e612c751829140cdf69
[INFO] [stderr] WARNING: Your kernel does not support swap limit capabilities or the cgroup is not mounted. Memory limited without swap.
[INFO] running `Command { std: "docker" "start" "-a" "4c31592ed331059051e79e402bfea19db023f850a7b61e612c751829140cdf69", kill_on_drop: false }`
[INFO] running `Command { std: "docker" "inspect" "4c31592ed331059051e79e402bfea19db023f850a7b61e612c751829140cdf69", kill_on_drop: false }`
[INFO] running `Command { std: "docker" "rm" "-f" "4c31592ed331059051e79e402bfea19db023f850a7b61e612c751829140cdf69", kill_on_drop: false }`
[INFO] [stdout] 4c31592ed331059051e79e402bfea19db023f850a7b61e612c751829140cdf69
[INFO] running `Command { std: "docker" "create" "-v" "/var/lib/crater-agent-workspace/builds/worker-3/target:/opt/rustwide/target:rw,Z" "-v" "/var/lib/crater-agent-workspace/builds/worker-3/source:/opt/rustwide/workdir:ro,Z" "-v" "/var/lib/crater-agent-workspace/cargo-home:/opt/rustwide/cargo-home:ro,Z" "-v" "/var/lib/crater-agent-workspace/rustup-home:/opt/rustwide/rustup-home:ro,Z" "-e" "SOURCE_DIR=/opt/rustwide/workdir" "-e" "CARGO_TARGET_DIR=/opt/rustwide/target" "-e" "CARGO_INCREMENTAL=0" "-e" "RUST_BACKTRACE=full" "-e" "RUSTFLAGS=--cap-lints=forbid" "-e" "CARGO_HOME=/opt/rustwide/cargo-home" "-e" "RUSTUP_HOME=/opt/rustwide/rustup-home" "-w" "/opt/rustwide/workdir" "-m" "1610612736" "--user" "0:0" "--network" "none" "rustops/crates-build-env@sha256:d92eaeed33fa75130ca1ee6c8a01d1ffb62bac859dfdfb3450e3e5d1c0146529" "/opt/rustwide/cargo-home/bin/cargo" "+72f88fc4e9458f89516a0b8b0868f3718aec5b47" "check" "--frozen" "--all" "--all-targets" "--message-format=json", kill_on_drop: false }`
[INFO] [stdout] cf429f0002d7aa50681a6345fd169a8ed17d73239269346c54a802288b3e145c
[INFO] [stderr] WARNING: Your kernel does not support swap limit capabilities or the cgroup is not mounted. Memory limited without swap.
[INFO] running `Command { std: "docker" "start" "-a" "cf429f0002d7aa50681a6345fd169a8ed17d73239269346c54a802288b3e145c", kill_on_drop: false }`
[INFO] [stderr]     Checking spin v0.5.0
[INFO] [stderr]    Compiling libc v0.2.59
[INFO] [stderr]     Checking scopeguard v0.3.3
[INFO] [stderr]     Checking memoffset v0.2.1
[INFO] [stderr]    Compiling unicode-xid v0.1.0
[INFO] [stderr]    Compiling syn v0.15.39
[INFO] [stderr]     Checking adler32 v1.0.3
[INFO] [stderr]     Checking lzw v0.10.0
[INFO] [stderr]     Checking unicode-width v0.1.5
[INFO] [stderr]     Checking scoped_threadpool v0.1.9
[INFO] [stderr]     Checking vec_map v0.8.1
[INFO] [stderr]    Compiling rand_chacha v0.2.0
[INFO] [stderr]    Compiling proc-macro2 v0.4.30
[INFO] [stderr]     Checking lazy_static v1.3.0
[INFO] [stderr]     Checking deflate v0.7.20
[INFO] [stderr]     Checking inflate v0.4.5
[INFO] [stderr]     Checking textwrap v0.11.0
[INFO] [stderr]     Checking crossbeam-utils v0.6.5
[INFO] [stderr]     Checking c2-chacha v0.2.2
[INFO] [stderr]     Checking gif v0.10.2
[INFO] [stderr]     Checking crossbeam-epoch v0.7.1
[INFO] [stderr]     Checking crossbeam-queue v0.1.2
[INFO] [stderr]     Checking png v0.14.1
[INFO] [stderr]    Compiling quote v0.6.12
[INFO] [stderr]     Checking crossbeam-deque v0.6.3
[INFO] [stderr]     Checking num_cpus v1.10.1
[INFO] [stderr]     Checking getrandom v0.1.6
[INFO] [stderr]     Checking atty v0.2.11
[INFO] [stderr]     Checking time v0.1.42
[INFO] [stderr]     Checking clap v2.33.0
[INFO] [stderr]     Checking rayon-core v1.5.0
[INFO] [stderr]     Checking rand_core v0.5.0
[INFO] [stderr]     Checking rand v0.7.0
[INFO] [stderr]     Checking rayon v1.1.0
[INFO] [stderr]     Checking jpeg-decoder v0.1.15
[INFO] [stderr]    Compiling num-derive v0.2.5
[INFO] [stderr]     Checking tiff v0.2.2
[INFO] [stderr]     Checking image v0.21.2
[INFO] [stderr]     Checking figures v0.1.0 (/opt/rustwide/workdir)
[INFO] [stdout] error[E0061]: this function takes 4 arguments but 3 arguments were supplied
[INFO] [stdout]   --> src/state.rs:40:19
[INFO] [stdout]    |
[INFO] [stdout] 40 |         let color=imgutil::compute_color(&self.target,&figure.scanlines(),self.alpha);
[INFO] [stdout]    |                   ^^^^^^^^^^^^^^^^^^^^^^ ------------ ------------------- ---------- supplied 3 arguments
[INFO] [stdout]    |                   |
[INFO] [stdout]    |                   expected 4 arguments
[INFO] [stdout]    | 
[INFO] [stdout]   ::: src/imgutil.rs:16:1
[INFO] [stdout]    |
[INFO] [stdout] 16 | pub fn compute_color(target:&RgbaImage,current:&RgbaImage,scanlines:&Vec<(u32,u32,u32)>,alpha:u8) -> Rgba<u8>{
[INFO] [stdout]    | ------------------------------------------------------------------------------------------------------------- defined here
[INFO] [stdout] 
[INFO] [stdout] 
[INFO] [stdout] error[E0061]: this function takes 4 arguments but 3 arguments were supplied
[INFO] [stdout]   --> src/state.rs:45:19
[INFO] [stdout]    |
[INFO] [stdout] 45 |         let color=imgutil::compute_color(&self.target,&figure.scanlines(),self.alpha);
[INFO] [stdout]    |                   ^^^^^^^^^^^^^^^^^^^^^^ ------------ ------------------- ---------- supplied 3 arguments
[INFO] [stdout]    |                   |
[INFO] [stdout]    |                   expected 4 arguments
[INFO] [stdout]    | 
[INFO] [stdout]   ::: src/imgutil.rs:16:1
[INFO] [stdout]    |
[INFO] [stdout] 16 | pub fn compute_color(target:&RgbaImage,current:&RgbaImage,scanlines:&Vec<(u32,u32,u32)>,alpha:u8) -> Rgba<u8>{
[INFO] [stdout]    | ------------------------------------------------------------------------------------------------------------- defined here
[INFO] [stdout] 
[INFO] [stdout] 
[INFO] [stdout] error[E0061]: this function takes 4 arguments but 3 arguments were supplied
[INFO] [stdout]   --> src/state.rs:55:23
[INFO] [stdout]    |
[INFO] [stdout] 55 |             let color=imgutil::compute_color(&self.target,&f.scanlines(),self.alpha);
[INFO] [stdout]    |                       ^^^^^^^^^^^^^^^^^^^^^^ ------------ -------------- ---------- supplied 3 arguments
[INFO] [stdout]    |                       |
[INFO] [stdout]    |                       expected 4 arguments
[INFO] [stdout]    | 
[INFO] [stdout]   ::: src/imgutil.rs:16:1
[INFO] [stdout]    |
[INFO] [stdout] 16 | pub fn compute_color(target:&RgbaImage,current:&RgbaImage,scanlines:&Vec<(u32,u32,u32)>,alpha:u8) -> Rgba<u8>{
[INFO] [stdout]    | ------------------------------------------------------------------------------------------------------------- defined here
[INFO] [stdout] 
[INFO] [stdout] 
[INFO] [stdout] error[E0061]: this function takes 4 arguments but 3 arguments were supplied
[INFO] [stdout]   --> src/state.rs:40:19
[INFO] [stdout]    |
[INFO] [stdout] 40 |         let color=imgutil::compute_color(&self.target,&figure.scanlines(),self.alpha);
[INFO] [stdout]    |                   ^^^^^^^^^^^^^^^^^^^^^^ ------------ ------------------- ---------- supplied 3 arguments
[INFO] [stdout]    |                   |
[INFO] [stdout]    |                   expected 4 arguments
[INFO] [stdout]    | 
[INFO] [stdout]   ::: src/imgutil.rs:16:1
[INFO] [stdout]    |
[INFO] [stdout] 16 | pub fn compute_color(target:&RgbaImage,current:&RgbaImage,scanlines:&Vec<(u32,u32,u32)>,alpha:u8) -> Rgba<u8>{
[INFO] [stdout]    | ------------------------------------------------------------------------------------------------------------- defined here
[INFO] [stdout] 
[INFO] [stdout] 
[INFO] [stdout] error[E0061]: this function takes 4 arguments but 3 arguments were supplied
[INFO] [stdout]   --> src/state.rs:45:19
[INFO] [stdout]    |
[INFO] [stdout] 45 |         let color=imgutil::compute_color(&self.target,&figure.scanlines(),self.alpha);
[INFO] [stdout]    |                   ^^^^^^^^^^^^^^^^^^^^^^ ------------ ------------------- ---------- supplied 3 arguments
[INFO] [stdout]    |                   |
[INFO] [stdout]    |                   expected 4 arguments
[INFO] [stdout]    | 
[INFO] [stdout]   ::: src/imgutil.rs:16:1
[INFO] [stdout]    |
[INFO] [stdout] 16 | pub fn compute_color(target:&RgbaImage,current:&RgbaImage,scanlines:&Vec<(u32,u32,u32)>,alpha:u8) -> Rgba<u8>{
[INFO] [stdout]    | ------------------------------------------------------------------------------------------------------------- defined here
[INFO] [stdout] 
[INFO] [stdout] 
[INFO] [stdout] error[E0061]: this function takes 4 arguments but 3 arguments were supplied
[INFO] [stdout]   --> src/state.rs:55:23
[INFO] [stdout]    |
[INFO] [stdout] 55 |             let color=imgutil::compute_color(&self.target,&f.scanlines(),self.alpha);
[INFO] [stdout]    |                       ^^^^^^^^^^^^^^^^^^^^^^ ------------ -------------- ---------- supplied 3 arguments
[INFO] [stdout]    |                       |
[INFO] [stdout]    |                       expected 4 arguments
[INFO] [stdout]    | 
[INFO] [stdout]   ::: src/imgutil.rs:16:1
[INFO] [stdout]    |
[INFO] [stdout] 16 | pub fn compute_color(target:&RgbaImage,current:&RgbaImage,scanlines:&Vec<(u32,u32,u32)>,alpha:u8) -> Rgba<u8>{
[INFO] [stdout]    | ------------------------------------------------------------------------------------------------------------- defined here
[INFO] [stdout] 
[INFO] [stdout] 
[INFO] [stdout] error: aborting due to 3 previous errors
[INFO] [stdout] 
[INFO] [stdout] 
[INFO] [stdout] For more information about this error, try `rustc --explain E0061`.
[INFO] [stdout] 
[INFO] [stderr] error: could not compile `figures`.
[INFO] [stderr] 
[INFO] [stderr] To learn more, run the command again with --verbose.
[INFO] [stderr] warning: build failed, waiting for other jobs to finish...
[INFO] [stdout] error: aborting due to 3 previous errors
[INFO] [stdout] 
[INFO] [stdout] 
[INFO] [stdout] For more information about this error, try `rustc --explain E0061`.
[INFO] [stdout] 
[INFO] [stderr] error: build failed
[INFO] running `Command { std: "docker" "inspect" "cf429f0002d7aa50681a6345fd169a8ed17d73239269346c54a802288b3e145c", kill_on_drop: false }`
[INFO] running `Command { std: "docker" "rm" "-f" "cf429f0002d7aa50681a6345fd169a8ed17d73239269346c54a802288b3e145c", kill_on_drop: false }`
[INFO] [stdout] cf429f0002d7aa50681a6345fd169a8ed17d73239269346c54a802288b3e145c
